hat is the remainder when 307 is divided by 46?
31
Calculate the remainder when 999 is divided by 77.
75
Calculate the remainder when 119 is divided by 10.
9
What is the remainder when 942 is divided by 309?
15
What is the remainder when 49 is divided by 26?
23
Calculate the remainder when 613 is divided by 605.
8
What is the remainder when 7323 is divided by 17?
13
Calculate the remainder when 3646 is divided by 41.
38
What is the remainder when 132 is divided by 31?
8
What is the remainder when 76 is divided by 26?
24
What is the remainder when 526 is divided by 53?
49
Calculate the remainder when 8547 is divided by 25.
22
Calculate the remainder when 895 is divided by 45.
40
What is the remainder when 220 is divided by 47?
32
Calculate the remainder when 888 is divided by 294.
6
Calculate the remainder when 4458 is divided by 7.
6
Calculate the remainder when 47 is divided by 13.
8
What is the remainder when 417 is divided by 84?
81
What is the remainder when 4 is divided by 4?
0
What is the remainder when 131 is divided by 60?
11
What is the remainder when 478 is divided by 13?
10
Calculate the remainder when 49 is divided by 42.
7
Calculate the remainder when 56 is divided by 50.
6
Calculate the remainder when 368 is divided by 75.
68
Calculate the remainder when 33 is divided by 7.
5
What is the remainder when 1468 is divided by 113?
112
What is the remainder when 135 is divided by 40?
15
What is the remainder when 353 is divided by 182?
171
Calculate the remainder when 162 is divided by 83.
79
Calculate the remainder when 925 is divided by 258.
151
What is the remainder when 196 is divided by 33?
31
Calculate the remainder when 3133 is divided by 185.
173
What is the remainder when 945 is divided by 13?
9
What is the remainder when 495 is divided by 58?
31
Calculate the remainder when 108 is divided by 26.
4
What is the remainder when 109 is divided by 95?
14
Calculate the remainder when 1048 is divided by 281.
205
What is the remainder when 670 is divided by 3?
1
What is the remainder when 6458 is divided by 2149?
11
Calculate the remainder when 1228 is divided by 41.
39
Calculate the remainder when 105 is divided by 18.
15
Calculate the remainder when 574 is divided by 40.
14
Calculate the remainder when 363 is divided by 61.
58
Calculate the remainder when 628 is divided by 355.
273
What is the remainder when 255 is divided by 152?
103
What is the remainder when 605 is divided by 77?
66
What is the remainder when 292 is divided by 2?
0
What is the remainder when 474 is divided by 94?
4
What is the remainder when 78 is divided by 16?
14
What is the remainder when 501 is divided by 95?
26
What is the remainder when 276 is divided by 7?
3
Calculate the remainder when 1046 is divided by 15.
11
What is the remainder when 168 is divided by 16?
8
Calculate the remainder when 127 is divided by 36.
19
What is the remainder when 2680 is divided by 225?
205
Calculate the remainder when 659 is divided by 135.
119
Calculate the remainder when 133 is divided by 62.
9
Calculate the remainder when 193 is divided by 31.
7
What is the remainder when 1980 is divided by 18?
0
What is the remainder when 339 is divided by 19?
16
Calculate the remainder when 296 is divided by 16.
8
Calculate the remainder when 395 is divided by 59.
41
What is the remainder when 474 is divided by 141?
51
What is the remainder when 369 is divided by 10?
9
Calculate the remainder when 304 is divided by 10.
4
What is the remainder when 1083 is divided by 266?
19
Calculate the remainder when 193 is divided by 6.
1
Calculate the remainder when 121 is divided by 96.
25
What is the remainder when 717 is divided by 254?
209
What is the remainder when 37739 is divided by 37?
36
Calculate the remainder when 409 is divided by 59.
55
What is the remainder when 634 is divided by 13?
10
What is the remainder when 10222 is divided by 71?
69
Calculate the remainder when 153 is divided by 48.
9
What is the remainder when 53998 is divided by 108?
106
What is the remainder when 169 is divided by 31?
14
What is the remainder when 183 is divided by 48?
39
Calculate the remainder when 5547 is divided by 2764.
19
What is the remainder when 46 is divided by 12?
10
What is the remainder when 249 is divided by 18?
15
Calculate the remainder when 2022 is divided by 23.
21
What is the remainder when 1051 is divided by 36?
7
What is the remainder when 119 is divided by 62?
57
What is the remainder when 1881 is divided by 126?
117
What is the remainder when 524 is divided by 220?
84
What is the remainder when 2672 is divided by 11?
10
Calculate the remainder when 830 is divided by 2.
0
What is the remainder when 2303 is divided by 6?
5
What is the remainder when 251 is divided by 15?
11
Calculate the remainder when 194 is divided by 101.
93
What is the remainder when 660 is divided by 180?
120
What is the remainder when 6236 is divided by 32?
28
Calculate the remainder when 535 is divided by 176.
7
Calculate the remainder when 1936 is divided by 10.
6
Calculate the remainder when 911 is divided by 134.
107
What is the remainder when 1482 is divided by 494?
0
What is the remainder when 252 is divided by 23?
22
Calculate the remainder when 740 is divided by 3.
2
Calculate the remainder when 108 is divided by 55.
53
What is the remainder when 831 is divided by 7?
5
Calculate the remainder when 557 is divided by 16.
13
Calculate the remainder when 426 is divided by 1.
0
Calculate the remainder when 2237 is divided by 64.
61
Calculate the remainder when 8 is divided by 5.
3
What is the remainder when 166 is divided by 54?
4
What is the remainder when 1153 is divided by 15?
13
Calculate the remainder when 95 is divided by 14.
11
What is the remainder when 248 is divided by 26?
14
What is the remainder when 935 is divided by 36?
35
What is the remainder when 467 is divided by 159?
149
What is the remainder when 71 is divided by 29?
13
Calculate the remainder when 430 is divided by 24.
22
What is the remainder when 124 is divided by 11?
3
What is the remainder when 6173 is divided by 49?
48
Calculate the remainder when 37 is divided by 15.
7
What is the remainder when 49 is divided by 19?
11
Calculate the remainder when 10301 is divided by 303.
302
What is the remainder when 281 is divided by 70?
1
Calculate the remainder when 145 is divided by 7.
5
What is the remainder when 412 is divided by 18?
16
What is the remainder when 411 is divided by 19?
12
What is the remainder when 147 is divided by 40?
27
Calculate the remainder when 5178 is divided by 56.
26
What is the remainder when 2870 is divided by 13?
10
What is the remainder when 332 is divided by 25?
7
Calculate the remainder when 488 is divided by 79.
14
Calculate the remainder when 1038 is divided by 43.
6
What is the remainder when 65 is divided by 10?
5
Calculate the remainder when 636 is divided by 107.
101
What is the remainder when 282 is divided by 26?
22
Calculate the remainder when 739 is divided by 106.
103
What is the remainder when 843 is divided by 18?
15
Calculate the remainder when 6433 is divided by 13.
11
What is the remainder when 5297 is divided by 50?
47
What is the remainder when 268 is divided by 54?
52
What is the remainder when 34318 is divided by 26?
24
Calculate the remainder when 362 is divided by 167.
28
Calculate the remainder when 627 is divided by 70.
67
Calculate the remainder when 131 is divided by 57.
17
Calculate the remainder when 156 is divided by 18.
12
Calculate the remainder when 85 is divided by 84.
1
What is the remainder when 1830 is divided by 306?
300
What is the remainder when 157 is divided by 29?
12
What is the remainder when 44 is divided by 15?
14
Calculate the remainder when 25993 is divided by 388.
385
What is the remainder when 1161 is divided by 578?
5
Calculate the remainder when 532 is divided by 8.
4
What is the remainder when 1806 is divided by 55?
46
What is the remainder when 1910 is divided by 39?
38
Calculate the remainder when 1197 is divided by 301.
294
What is the remainder when 944 is divided by 25?
19
What is the remainder when 322 is divided by 65?
62
What is the remainder when 3242 is divided by 406?
400
What is the remainder when 706 is divided by 59?
57
Calculate the remainder wh